
Let x = 0 - -5. Suppose -x*o - 115 = -0*o. Let t = 32 + o. Calculate the greatest common factor of t and 99.
9
Let r be 18/81 - (0 - (-3450)/(-27)). What is the greatest common divisor of r and 16?
16
Suppose 3*h - 1 + 7 = 0. Let j be -3*1 - (h - 9). Let o be (1/2)/(j/16). What is the greatest common divisor of 9 and o?
1
Let w = -20 + 32. Let k = 97 + -37. What is the highest common factor of k and w?
12
Suppose -4*f = -4*g - 180, 4*g - 26 = 5*f - 248. Suppose -p = -4*p + f. What is the greatest common divisor of p and 35?
7
Let o(k) = -k + 3. Let v be o(7). Let j = 6 + v. Suppose -j*g = -30 - 2. What is the greatest common divisor of g and 16?
16
Let s(h) = h**2 + 5*h - 5. Let c be s(-6). Let r(l) = 16*l**2. Let p be r(c). What is the highest common divisor of p and 4?
4
Let h(i) = i**3 + 4*i**2 - i - 4. Suppose d - 3 = -3*q - 2*d, -3*q + 5*d - 29 = 0. Let p be h(q). Calculate the highest common factor of p and 2.
2
Suppose 2*h + 3*h = 350. What is the highest common divisor of 10 and h?
10
Let q(i) = -64*i - 2. Suppose 10 = -7*n + 2*n. Let t be q(n). Calculate the highest common factor of 18 and t.
18
Suppose 3*p = -0 + 15. Let n = -180 + -146. Let g be n/(-6) + (-10)/(-15). Calculate the highest common factor of g and p.
5
Let v(r) = -r + 3. Let u be v(7). Let s(m) = -m + 2. Let q be s(u). What is the greatest common factor of q and 4?
2
Let f be (5 + 1 + -10)*2/(-1). What is the highest common factor of f and 4?
4
Suppose 4*o = 3*z + 14, -z - 2*o = -o - 7. What is the greatest common divisor of 16 and z?
2
Suppose 0 = 3*w + 2*w - 440. Calculate the highest common divisor of 11 and w.
11
Let w(j) = 5*j + 50. Let a be w(8). What is the greatest common factor of 18 and a?
18
Suppose 0 = 6*i + 14 - 86. What is the greatest common divisor of 108 and i?
12
Suppose -2*s - 5*v + 50 = -3*v, 2*v = -s + 30. Let i(a) = a**2 + 4*a + 5. Let p be i(-5). What is the greatest common divisor of s and p?
10
Let h = 53 - 32. What is the highest common factor of h and 189?
21
Let i(l) = 2*l**2 - 5*l - 4. Let g = 11 - 6. Let y be i(g). What is the greatest common factor of y and 3?
3
Let s = 100 - 82. Let j(o) = -o**3 - 3*o**2 + 2*o - 6. Let h be j(-6). What is the greatest common factor of s and h?
18
Let d be (0 - 1)*3 + 23. Let q(b) = -10*b. Let o be q(-3). Calculate the greatest common factor of o and d.
10
Let d(a) = a**3 - 17*a**2. Let f be d(17). Let h = 57 + f. Let q be (-19)/((1/1)/(-2)). What is the greatest common divisor of q and h?
19
Let d(k) = 2*k**3 + 9*k**2 + 5. Let q be d(-4). Calculate the highest common factor of q and 6.
3
Let z = -23 + 48. Let d = 36 - z. Suppose -3*p = -32 - 331. What is the greatest common divisor of p and d?
11
Suppose x + 22 = r, 18 = r + 2*x - 19. Calculate the greatest common divisor of 135 and r.
27
Let r(w) = w**2 - w - 1. Let a be ((-6)/4)/((-3)/(-4)). Let d be r(a). Calculate the greatest common divisor of 35 and d.
5
Suppose 0*c + c - 5 = 0. Suppose -u - c*w = -3*w - 11, 0 = 4*u + 2*w - 56. What is the greatest common factor of 6 and u?
3
Suppose 19 = 5*k - 16. What is the highest common factor of k and 77?
7
Let t be (-44)/(-3)*(-195)/(-26). What is the greatest common factor of t and 10?
10
Let x = -2 + 5. Let q be (-4)/(-14) + (-12)/(-7). Let s be q/(-6) - (-211)/x. What is the greatest common divisor of s and 7?
7
Let c be (45/10)/(6/40). What is the highest common factor of c and 240?
30
Let t(l) be the first derivative of -3*l**2/2 - 2*l + 4. Let w be t(-8). What is the highest common factor of w and 11?
11
Suppose -2*a + 6*a = 72. What is the highest common factor of a and 72?
18
Suppose -3*q + 240 = q + 4*t, 4*t = -q + 54. Let u be (-3)/(1 + q/(-56)). What is the highest common factor of u and 56?
28
Suppose 0 = 2*w - 38 + 8. Calculate the greatest common factor of w and 15.
15
Let c = 3 + 1. Suppose -c*z = z - 150. What is the highest common factor of 10 and z?
10
Let r = 106 + -29. Calculate the greatest common divisor of r and 11.
11
Suppose 758 = 5*x + 208. Let j be (2 + (-16)/6)*36. Let f = j - -46. Calculate the highest common factor of f and x.
22
Let r(y) = -11*y + 1. Let x be r(1). Let t = x - -15. Calculate the highest common divisor of 10 and t.
5
Let g = -3 - 10. Let w = -5 - g. Calculate the highest common factor of w and 72.
8
Let n = -15 - -21. What is the greatest common factor of 1 and n?
1
Let s be (-62)/(-8) - 3/(-12). Let i be (-1 - 2) + 3 + s. What is the greatest common factor of i and 72?
8
Let j(y) = y**2 + 2*y - 2. Suppose -5*q + 11 - 1 = 0. Let z be j(q). What is the highest common factor of 12 and z?
6
Let n = -81 - -93. Calculate the highest common divisor of n and 4.
4
Let c(z) = 6*z**2 + 2. Let r be c(1). What is the highest common factor of 88 and r?
8
Let o = 52 + -32. Suppose 2*i + 26 = -0. Let p = -9 - i. Calculate the greatest common factor of p and o.
4
Let z(c) = -c**3 + 8*c**2 - 6*c + 10. Suppose -5*b = -2*p + p + 27, 3*b - 9 = -3*p. Let v be z(p). Calculate the greatest common divisor of 153 and v.
17
Let w = 17 - 12. Let a(h) be the third derivative of h**4/24 + 35*h**3/6 - h**2. Let t be a(0). Calculate the highest common divisor of w and t.
5
Let l(p) = -p**3 + p**2 + p + 17. Let x be l(0). Let u = 14 - -37. What is the greatest common divisor of u and x?
17
Let y(n) = n**2 - 5*n + 16. Let k be y(3). Calculate the greatest common divisor of 160 and k.
10
Suppose -8*f + 104 = -7*f. What is the greatest common divisor of f and 13?
13
Suppose 2*f - 36 + 6 = 0. What is the highest common factor of f and 45?
15
Suppose -d - 8 = -5*d. Let t be -84*d*(-1)/4. Suppose -4*n = o - 5*o - 404, -o = 3*n - 319. Calculate the greatest common factor of t and n.
21
Let c = -13 + 31. Suppose 3*b + 2*b = 0. Suppose -z - z + 24 = b. What is the greatest common factor of z and c?
6
Suppose 3*c + 7*h - 5*h - 112 = 0, 0 = -4*c - 2*h + 152. What is the greatest common factor of 30 and c?
10
Suppose 5*b + 16 = 9*b. Let w = 9 - b. What is the greatest common divisor of 35 and w?
5
Let u = -7 + 868. Let q be (-2)/(-12) + u/18. What is the highest common factor of 12 and q?
12
Suppose 112 = 4*b + 4*i, 3*b = 5*b - 4*i - 50. Let f be 2 + (1 - b/(-3)). What is the greatest common divisor of f and 60?
12
Let z(f) = -23*f - 3. Let a be z(-3). What is the highest common divisor of 6 and a?
6
Let z(k) = -2*k - 4. Let c be z(-4). Suppose 3*r - 1725 = -2*r. Let u be r/10*c/3. What is the highest common factor of 69 and u?
23
Suppose -12*s = -5*s - 294. Let g = 42 + -21. What is the highest common factor of g and s?
21
Let t(b) = 3*b. Let n be t(3). Suppose -2*c + 3*c + 2*h - 23 = 0, 4*c + 4*h = 100. What is the greatest common divisor of n and c?
9
Let z be (-18 + 16)/((-2)/12). What is the highest common factor of 96 and z?
12
Let t be 6/(-9) - (-8)/3. Suppose -5*l = 0, -3*d = -4*d + t*l + 30. Calculate the highest common divisor of 75 and d.
15
Let x = -8 - 2. Let n be ((-12)/10)/(2/x). Let w be 6/(1 + (-1)/2). Calculate the highest common factor of n and w.
6
Suppose -h - 4*h + 20 = 0. Suppose -2*t - h*m + 23 + 7 = 0, 18 = t + m. Suppose 7*r - 3*r - 28 = 0. What is the greatest common factor of r and t?
7
Let l = -5 - -11. Let x(w) = w**2 - 5*w - 1. Let o be x(l). What is the greatest common divisor of o and 55?
5
Let k(q) = -3*q**3 - 6*q**2 - 8*q - 2. Let p be k(-4). Let z be 19 - (0 + 2) - -1. Calculate the greatest common divisor of z and p.
18
Let s = 12 - -9. What is the greatest common divisor of s and 42?
21
Let r(o) = -7*o**3 + o**2. Let m be r(-1). Let a(y) = -9*y - 2. Let x be a(-2). Calculate the highest common divisor of x and m.
8
Suppose 7 = -f + 25. Let g be (-60)/8*f/(-15). Calculate the greatest common factor of g and 63.
9
Let r be ((-4)/(-5))/((-14)/(-350)). Let x be (0/2)/(-2) - -160. What is the highest common factor of x and r?
20
Let q be (0 + -1 + 0)/(20/(-120)). What is the greatest common divisor of q and 9?
3
Let f(h) = h**3 + 3*h**2 - 6*h - 4. Let j(s) = -s**2 + 4*s - 4. Let v be j(4). Let i be f(v). What is the greatest common divisor of 40 and i?
4
Let h be (1 - -1) + 14/2. Let s = 6 + h. Calculate the greatest common divisor of s and 30.
15
Let l(y) = y**2 + 2*y - 10. Let g be l(8). What is the greatest common divisor of 14 and g?
14
Suppose -2*p - 2*p = -84. 